66 and 2.
2
Calculate the highest common factor of 1614 and 12.
6
Calculate the highest common factor of 280 and 8190.
70
Calculate the greatest common divisor of 1508 and 15196.
116
Calculate the highest common factor of 2160 and 9585.
135
Calculate the greatest common divisor of 92463 and 588.
147
Calculate the highest common factor of 10656 and 129312.
288
What is the highest common factor of 1000 and 9560?
40
What is the highest common factor of 653500 and 750?
250
What is the greatest common divisor of 35325 and 135?
45
Calculate the greatest common divisor of 229105 and 5.
5
What is the highest common divisor of 80224 and 4094?
46
What is the greatest common divisor of 3829 and 198014?
547
What is the highest common divisor of 128 and 7655552?
128
Calculate the greatest common divisor of 1285 and 100744.
257
Calculate the greatest common divisor of 1216470 and 984.
246
What is the highest common divisor of 387790 and 1690?
130
Calculate the highest common divisor of 285 and 25745.
95
Calculate the greatest common factor of 2219790 and 20.
10
Calculate the greatest common factor of 1657857 and 153.
51
What is the highest common factor of 107790 and 30?
30
What is the greatest common factor of 439569 and 102?
51
What is the highest common divisor of 102 and 32334?
102
What is the highest common factor of 5392 and 464?
16
Calculate the greatest common divisor of 34112 and 364.
52
What is the highest common divisor of 325 and 1825?
25
Calculate the highest common factor of 340 and 527.
17
Calculate the greatest common factor of 298 and 25740942.
298
What is the highest common divisor of 187248 and 1494?
498
Calculate the highest common divisor of 7876 and 14857.
179
Calculate the highest common factor of 2772 and 37548.
252
What is the greatest common divisor of 35088 and 272?
272
Calculate the greatest common factor of 35676 and 558.
18
What is the greatest common factor of 301 and 5607931?
301
Calculate the highest common factor of 19 and 367327.
19
What is the highest common factor of 260 and 27155?
5
Calculate the greatest common divisor of 119 and 19523.
7
What is the greatest common factor of 116 and 92452?
116
What is the highest common factor of 37310 and 350?
70
What is the greatest common divisor of 145745 and 45?
5
Calculate the highest common factor of 255060 and 1404.
468
Calculate the greatest common factor of 1629 and 251409.
543
Calculate the greatest common factor of 339 and 1047962.
113
What is the greatest common divisor of 6276 and 96?
12
Calculate the highest common factor of 2522 and 13386.
194
Calculate the greatest common divisor of 151044 and 2050.
82
What is the highest common divisor of 5968 and 372?
4
Calculate the greatest common factor of 3 and 10641.
3
Calculate the highest common factor of 98431 and 3447.
383
Calculate the greatest common factor of 1598 and 19754.
34
What is the highest common divisor of 14100 and 122700?
300
Calculate the greatest common factor of 10 and 621850.
10
Calculate the greatest common divisor of 6864 and 136708.
572
Calculate the highest common divisor of 16027 and 44.
11
What is the greatest common divisor of 1472 and 225768?
184
Calculate the greatest common factor of 9827 and 20605.
317
What is the highest common factor of 7458 and 330?
66
What is the greatest common divisor of 1176 and 22092?
84
Calculate the highest common divisor of 2964 and 20124.
156
What is the highest common factor of 14833 and 1010926?
1141
Calculate the highest common factor of 177472 and 1180.
236
Calculate the greatest common factor of 4149 and 13437.
9
Calculate the highest common factor of 76880 and 240.
80
Calculate the greatest common factor of 1472 and 47334.
46
What is the greatest common divisor of 69322 and 4301?
253
Calculate the highest common divisor of 3290 and 38822.
658
What is the highest common divisor of 6045 and 3120?
195
Calculate the greatest common divisor of 136362 and 6.
6
What is the highest common divisor of 17952 and 660?
132
Calculate the highest common factor of 1806 and 163142.
602
What is the highest common divisor of 26905 and 20?
5
Calculate the highest common divisor of 175 and 685.
5
What is the highest common factor of 572 and 1383811?
143
What is the highest common factor of 364237 and 764?
191
What is the highest common divisor of 104674 and 4208?
526
Calculate the highest common factor of 7356935 and 335.
335
Calculate the highest common divisor of 329 and 72521.
47
What is the highest common factor of 127 and 1347851?
127
Calculate the highest common divisor of 6102 and 1566.
54
What is the greatest common divisor of 14260 and 1495?
115
Calculate the greatest common factor of 36 and 362688.
12
What is the highest common factor of 6304656 and 372?
372
Calculate the highest common divisor of 1 and 156887.
1
What is the greatest common divisor of 71438 and 1518?
46
Calculate the highest common divisor of 889 and 101219.
127
Calculate the highest common divisor of 4488 and 84711.
561
What is the highest common divisor of 26 and 421798?
26
What is the highest common factor of 118 and 604514?
118
What is the greatest common divisor of 1503 and 8981928?
1503
Calculate the highest common factor of 3366 and 2651.
11
Calculate the highest common factor of 25250 and 23836.
202
Calculate the greatest common divisor of 8734873 and 2402.
1201
Calculate the greatest common divisor of 61622 and 88.
22
What is the highest common factor of 22 and 559042?
22
What is the greatest common factor of 79809 and 444?
111
What is the highest common divisor of 361 and 184832?
361
Calculate the greatest common factor of 2990 and 58190.
230
What is the highest common factor of 48706 and 637?
49
What is the highest common factor of 458803 and 271?
271
What is the highest common divisor of 352 and 233552?
176
Calculate the greatest common factor of 300 and 66150.
150
Calculate the greatest common divisor of 960 and 143296.
64
What is the highest common divisor of 324 and 16506?
18
Calculate the greatest common factor of 496750 and 250.
250
Calculate the highest common divisor of 53363 and 158848.
1241
What is the highest common divisor of 51 and 146863?
17
What is the greatest common factor of 5525 and 37349?
221
Calculate the greatest common divisor of 79075 and 600.
25
What is the greatest common divisor of 1177133 and 764?
191
What is the highest common factor of 22468 and 1096?
548
What is the highest common factor of 23 and 124913?
23
What is the highest common divisor of 2659503 and 21?
21
What is the highest common factor of 720 and 5820?
60
Calculate the highest common divisor of 33707 and 37.
37
What is the highest common factor of 510990 and 75?
15
What is the greatest common factor of 350 and 25326?
14
What is the greatest common divisor of 4250 and 1274150?
850
Calculate the highest common divisor of 107735 and 145.
145
What is the greatest common factor of 14725 and 2850?
475
Calculate the highest common factor of 7164 and 180.
36
What is the highest common divisor of 53010 and 21375?
855
What is the greatest common factor of 120056 and 86?
86
Calculate the greatest common factor of 1437010 and 10.
10
What is the highest common divisor of 605 and 855?
5
What is the greatest common factor of 617 and 3565643?
617
Calculate the greatest common divisor of 134930 and 10.
10
Calculate the greatest common factor of 90 and 273330.
90
What is the highest common divisor of 25028 and 16?
4
What is the highest common divisor of 450 and 9870?
30
Calculate the greatest common factor of 10 and 89665.
5
Calculate the highest common divisor of 2408 and 1633226.
602
Calculate the greatest common divisor of 56583 and 51.
3
Calculate the highest common divisor of 5324 and 152702.
242
Calculate the greatest common factor of 31125 and 9213.
249
What is the greatest common factor of 75260 and 132500?
1060
What is the highest common factor of 2640 and 241340?
220
What is the highest common factor of 38616 and 48?
24
What is the highest common factor of 86 and 17415?
43
What is the greatest common factor of 6818 and 448?
14
What is the highest common divisor of 39318 and 24?
6
What is the highest common factor of 296 and 141118?
74
What is the greatest common divisor of 84107 and 9211?
151
Calculate th